2*j**2. Calculate the remainder when p(0) is divided by w(-1).
6
Suppose 4*o = 3*b + 45, 4*b + 30 = 3*o + b. Suppose 3*x - 95 - 76 = 0. Calculate the remainder when x is divided by o.
12
Let j = -2 + 5. Suppose 2*w = 2*k + 6, -4*w + j*k = -11 - 6. Calculate the remainder when 29 is divided by w.
5
Let o(w) = 4*w + w + 0*w + w. Calculate the remainder when 16 is divided by o(1).
4
Let m = 35 + -23. Calculate the remainder when 33 is divided by m.
9
Suppose -3*o + 485 = -100. Suppose 8*i - o = 3*i. What is the remainder when i is divided by 10?
9
Let b = -67 - -164. Calculate the remainder when b is divided by 20.
17
Suppose -a + 4*l + 28 = -21, 4*a - 170 = 3*l. Let b = 32 - 17. Let m = a - b. What is the remainder when m is divided by 9?
8
Let l = 8 + -4. What is the remainder when (-3)/4 + (-119)/(-4) is divided by 140/15 + l/6?
9
Let q = 1 - -4. Suppose 4*f - 15 = q. Calculate the remainder when 17 is divided by f.
2
Suppose -25 - 49 = 2*q. Calculate the remainder when 3 - (q + 2 + -1) is divided by 14.
11
Let w(l) = 3*l - 7. What is the remainder when 20 is divided by w(6)?
9
Let b = 45 + -27. What is the remainder when 52 is divided by b?
16
Let d = -6 - -28. Suppose 0 = 5*r - 1 - 59. Calculate the remainder when d is divided by r.
10
Suppose -u - 8 = -2*h, 5*h - 4*u - 7 = 2*h. Let x(g) = 2*g**2 - 2*g - 1. Suppose -5*i - 2 = 3. What is the remainder when h is divided by x(i)?
2
Let a = -37 + 65. Let r = 94 + -11. Calculate the remainder when r is divided by a.
27
Let r(i) = i**2 - 4*i - 21. What is the remainder when 113 is divided by r(-6)?
35
Let d(f) = -3*f + 4. Calculate the remainder when 18 is divided by d(-2).
8
Suppose 0 = 5*v + 8 - 48. What is the remainder when 12 is divided by v?
4
Suppose 0 = a - 2 - 1. Suppose a*y = 5*u + 7*y + 1, 16 = 4*u - y. Let v(g) = 9*g + 1. What is the remainder when v(u) is divided by 15?
13
Suppose -3*t + 11 = -5*o - 8, -o = -2*t + 22. What is the remainder when t is divided by 8?
5
Suppose 6 = 4*o - 6, -5*o = 3*p - 51. Calculate the remainder when p is divided by 3.
0
Suppose -q + 2*u - 86 + 26 = 0, 69 = -q + 5*u. Calculate the remainder when 5 is divided by (2/(-3))/(9/q).
1
Suppose c + 2*c = 72. What is the remainder when c is divided by 7?
3
Let j = -1 + -6. Let h(w) = w**3 + 9*w**2 - w - 7. Calculate the remainder when h(j) is divided by 25.
23
Suppose 5*u - 9 = 1. Suppose -b = u*b - 48. Let c = b - 9. Calculate the remainder when 20 is divided by c.
6
What is the remainder when 190 is divided by (3 - (-15)/(-10))*32?
46
Let f(c) = 3*c**2 - 5*c**2 - 2*c - 2 + 4*c**2 + 0. Let m(n) = -n**3 - 3*n**2 + 5*n + 2. Let u be m(-4). What is the remainder when 28 is divided by f(u)?
8
Let w = 0 - 0. Suppose w = 5*h + 45 - 160. What is the remainder when 44 is divided by h?
21
Suppose 0 = 4*l - 4*q - 80, -4*l + 3*l = -2*q - 22. Calculate the remainder when 70 is divided by l.
16
Let t(x) = 12*x + 1. Suppose 0 = c + 2*c - 51. Calculate the remainder when t(4) is divided by c.
15
Let x be (9 - 7)/(2/3). Suppose 5*k = 4*m + 13, -2 = 3*m + 3*k + 1. Let s = x - m. Calculate the remainder when 14 is divided by s.
4
What is the remainder when (1 + -7)/(-24) - (-1262)/8 is divided by 54?
50
What is the remainder when (-6)/((9/(-20))/3) is divided by 14?
12
Let u = -12 - -43. What is the remainder when u is divided by 9?
4
Let o = 31 - 14. Suppose -45 + o = -4*k. What is the remainder when k is divided by 3?
1
Suppose 4*l = 26 + 74. What is the remainder when 122 is divided by l?
22
Let y(b) = -b**3 + 8*b**2 + 3*b + 13. What is the remainder when y(7) is divided by 21?
20
Suppose 60 = 4*z + 2*m, 5*z - m - 23 - 59 = 0. Suppose 2*j = -x + 14 + 43, 0 = -3*x - 9. Calculate the remainder when j is divided by z.
14
Let b = 9 - 4. Suppose -p + d = -3, b*p + 3*d = -7 + 62. Let h(o) = 2*o**2 + 7*o - 7. Calculate the remainder when h(-6) is divided by p.
7
Let n(u) = -u + 11. Let i = 4 + -4. What is the remainder when n(i) is divided by 3?
2
What is the remainder when -2*(-1 - 41/2) is divided by 15?
13
Let a(o) = -o**3 - 13*o**2 - 6*o - 27. Calculate the remainder when a(-13) is divided by 19.
13
Let g(n) = 4*n - 1. Let u be g(2). Suppose -5*f + u = j, -j - j + 5 = f. Suppose -3*i = j*i - 85. What is the remainder when 49 is divided by i?
15
Suppose 4*c - 5*d - 33 = -0*c, -10 = 2*d. Let p(m) = 6*m**2 - m + 1. Let f be p(1). What is the remainder when c/(-6) + 92/f is divided by 8?
7
What is the remainder when 344/12 - 6/9 is divided by 10?
8
Let h(l) = 8*l - 1. Calculate the remainder when 18 is divided by h(1).
4
Let n(m) = -m**2 - 5*m + 2. Let j be -1 + (3/1)/1. Suppose j*w + 5*h = 2*h + 7, -4*h - 4 = 0. What is the remainder when w is divided by n(-5)?
1
Let r(a) = a**3 - 5*a + 2. Let y(l) = 2*l - 3. Suppose -b + 1 + 2 = 0. Let c be y(b). What is the remainder when r(c) is divided by 8?
6
Let o(f) = 35*f + 1. Calculate the remainder when o(1) is divided by (1026/324)/((-2)/24*-2).
17
Let c = -308 - -164. Let i = -95 - c. Calculate the remainder when i is divided by 17.
15
Suppose -3*s - 2*a + 64 = 0, -88 = -4*s - 4*a - 0*a. Suppose 3*q - 10 - 18 = -4*c, 5*c - s = 0. Calculate the remainder when 11 is divided by q.
3
Let n(s) = 4*s + 2. Let h be n(8). Suppose 4*g + h = 2*v - 12, 2*v = -5*g + 28. Calculate the remainder when v is divided by 7.
5
Let w = 77 + -72. Calculate the remainder when 8 is divided by w.
3
Suppose -3*t - 2*t + 75 = 0. Let v = -11 - -38. Calculate the remainder when v is divided by t.
12
Suppose 3*x = -0*x + 297. Calculate the remainder when x is divided by 25.
24
Suppose 0 = -6*g + 3*g + 9. Let r(j) = -j**3 - 6*j**2 + 27*j + 11. Calculate the remainder when r(-9) is divided by g.
2
Let h = -8 + 13. Suppose 2*s - 113 = 5*p, 0 = -s - h*p + 2*p + 40. Suppose -21 = -5*z + s. Calculate the remainder when 25 is divided by z.
11
Let c(d) = 0 + 0*d + 1 - d + d**3. Calculate the remainder when c(0) is divided by 1.
0
Let w(q) = -q**2 - 8*q + 6. Let j be w(-7). Let f = j - 3. What is the remainder when 28 is divided by f?
8
Let g = 54 - 42. What is the remainder when 46 is divided by g?
10
Suppose -5*s + 5*q = -215, 3*s + 3*q = 5*s - 91. What is the remainder when s is divided by (-1)/4 + 82/8?
8
Let k(g) = g + 7. Let t be k(-7). Suppose -u + 4*s + 30 = 0, -u + t*s = 2*s - 18. What is the remainder when u is divided by 3/6 + 23/2?
10
Let j = 38 - 27. Suppose 0*g + j = g. Calculate the remainder when 32 is divided by g.
10
Let a = -13 - -36. Calculate the remainder when 43 is divided by a.
20
Suppose u - 43 - 26 = 0. Calculate the remainder when u is divided by 36.
33
Let d = 15 - -66. What is the remainder when d is divided by 21?
18
Let j(o) = -o**2 + 12*o + 9. Calculate the remainder when j(11) is divided by 6.
2
Suppose n - 61 = -2*n - 5*y, -3*y = -15. What is the remainder when -4*(-9)/n*15 is divided by 12?
9
Let w = 335 + -147. Suppose 3*p + w = 7*p. What is the remainder when p is divided by 16?
15
Suppose 3*f = -t - 3*t + 153, 0 = t + 5*f - 51. Suppose -d + 2*d - 19 = 0. What is the remainder when t is divided by d?
17
Let s(q) = 2*q**2 - 4*q + 3. Let d be s(2). Let x be 23/3 - d/(-9). Suppose 0 = -3*z + x*z - 20. Calculate the remainder when 11 is divided by z.
3
Suppose 6*k - 197 = 43. Let o = 35 + -21. What is the remainder when k is divided by o?
12
Let k(q) = -6 + 5*q + 0*q + 5. Let l be k(-1). Let h = -4 - l. Calculate the remainder when 5 is divided by h.
1
Let m = 0 + -2. What is the remainder when 9 is divided by 1/m + (-22)/(-4)?
4
Let x = -26 - -41. Let k(n) = 2*n**2 - 3*n. Let u be k(2). Suppose 42 = -u*q + 128. What is the remainder when q is divided by x?
13
What is the remainder when (154/(-110))/(2/(-20)) is divided by 6?
2
Suppose a - 34 = -2*w + 5*a, -5*w + 5*a + 70 = 0. Calculate the remainder when w is divided by (-8)/(-12)*1*6.
3
Suppose -3*v - 2*r + 88 = 0, 2*v + 0*v - 3*r - 63 = 0. Let u = v + -16. Calculate the remainder when 40 is divided by u.
12
Suppose 0 = -9*z + 11*z - 108. Calculate the remainder when z is divided by 14.
12
Suppose 0 = 2*i - i - 70. Suppose 2*a + i = 5*y, y - 42 = -2*y + 4*a. Calculate the remainder when 27 is divided by y.
13
Let n(l) = l**2 - 16*l + 16. Calculate the remainder when 79 is divided by n(16).
15
Let g = -25 - -50. Suppose -2*p - 3*p = -g. 